{"id":2810,"date":"2026-04-08T09:16:59","date_gmt":"2026-04-08T07:16:59","guid":{"rendered":"https:\/\/www.cullarvega.com\/guia-local\/?post_type=at_biz_dir&#038;p=2810"},"modified":"2026-04-08T09:16:59","modified_gmt":"2026-04-08T07:16:59","slug":"bb-casa-flamenca-de-granada","status":"publish","type":"at_biz_dir","link":"https:\/\/www.cullarvega.com\/guia-local\/directory\/bb-casa-flamenca-de-granada\/","title":{"rendered":"B&#038;B Casa flamenca de Granada"},"content":{"rendered":"<p>Habitaci\u00f3n con desayuno, 3 habitaciones, 1 sala com\u00fan (TV, sala de estar, nevera de bebidas).<\/p>\n<p>Tenemos 3 habitaciones :<\/p>\n<p>&#8211; Habitaci\u00f3n <strong>Alhambra<\/strong> (cama queen size) con ba\u00f1o privado.<\/p>\n<p>&#8211; Habitaci\u00f3n <strong>Alpujarra<\/strong> (cama queen size) con ba\u00f1o compartido en el pasillo.<\/p>\n<p>&#8211; Habitaci\u00f3n <strong>Flamenco<\/strong> (dos camas individuales) con ba\u00f1o compartido en el pasillo.<\/p>\n<p>Debido al Covid-19 la habitaci\u00f3n Alpujarra y la habitaci\u00f3n Flamenco no se pueden alquilar el mismo d\u00eda y autom\u00e1ticamente cerramos la otra habitaci\u00f3n para evitar compartir ba\u00f1o.<\/p>\n<p>La habitaci\u00f3n Alpujarra y la habitaci\u00f3n Flamenco se pueden alquilar juntas bajo la condici\u00f3n de una misma familia.<\/p>\n","protected":false},"author":1,"comment_status":"closed","ping_status":"closed","template":"","atbdp_listing_types":[585],"at_biz_dir-category":[588],"at_biz_dir-location":[],"at_biz_dir-tags":[],"class_list":["post-2810","at_biz_dir","type-at_biz_dir","status-publish","has-post-thumbnail","hentry","atbdp_listing_types-business","at_biz_dir-category-alojamiento"],"_links":{"self":[{"href":"https:\/\/www.cullarvega.com\/guia-local\/wp-json\/wp\/v2\/at_biz_dir\/2810","targetHints":{"allow":["GET"]}}],"collection":[{"href":"https:\/\/www.cullarvega.com\/guia-local\/wp-json\/wp\/v2\/at_biz_dir"}],"about":[{"href":"https:\/\/www.cullarvega.com\/guia-local\/wp-json\/wp\/v2\/types\/at_biz_dir"}],"author":[{"embeddable":true,"href":"https:\/\/www.cullarvega.com\/guia-local\/wp-json\/wp\/v2\/users\/1"}],"replies":[{"embeddable":true,"href":"https:\/\/www.cullarvega.com\/guia-local\/wp-json\/wp\/v2\/comments?post=2810"}],"wp:featuredmedia":[{"embeddable":true,"href":"https:\/\/www.cullarvega.com\/guia-local\/wp-json\/wp\/v2\/media\/1340"}],"wp:attachment":[{"href":"https:\/\/www.cullarvega.com\/guia-local\/wp-json\/wp\/v2\/media?parent=2810"}],"wp:term":[{"taxonomy":"atbdp_listing_types","embeddable":true,"href":"https:\/\/www.cullarvega.com\/guia-local\/wp-json\/wp\/v2\/atbdp_listing_types?post=2810"},{"taxonomy":"at_biz_dir-category","embeddable":true,"href":"https:\/\/www.cullarvega.com\/guia-local\/wp-json\/wp\/v2\/at_biz_dir-category?post=2810"},{"taxonomy":"at_biz_dir-location","embeddable":true,"href":"https:\/\/www.cullarvega.com\/guia-local\/wp-json\/wp\/v2\/at_biz_dir-location?post=2810"},{"taxonomy":"at_biz_dir-tags","embeddable":true,"href":"https:\/\/www.cullarvega.com\/guia-local\/wp-json\/wp\/v2\/at_biz_dir-tags?post=2810"}],"curies":[{"name":"wp","href":"https:\/\/api.w.org\/{rel}","templated":true}]}}

<p>Habitación con desayuno, 3 habitaciones, 1 sala común (TV, sala de estar, nevera de bebidas).</p>
<p>Tenemos 3 habitaciones :</p>
<p>&#8211; Habitación <strong>Alhambra</strong> (cama queen size) con baño privado.</p>
<p>&#8211; Habitación <strong>Alpujarra</strong> (cama queen size) con baño compartido en el pasillo.</p>
<p>&#8211; Habitación <strong>Flamenco</strong> (dos camas individuales) con baño compartido en el pasillo.</p>
<p>Debido al Covid-19 la habitación Alpujarra y la habitación Flamenco no se pueden alquilar el mismo día y automáticamente cerramos la otra habitación para evitar compartir baño.</p>
<p>La habitación Alpujarra y la habitación Flamenco se pueden alquilar juntas bajo la condición de una misma familia.</p>
