{"id":2947,"date":"2026-04-24T11:34:58","date_gmt":"2026-04-24T09:34:58","guid":{"rendered":"https:\/\/www.cullarvega.com\/guia-local\/?post_type=at_biz_dir&#038;p=2947"},"modified":"2026-04-24T11:34:58","modified_gmt":"2026-04-24T09:34:58","slug":"isater-estetica-avanzada","status":"publish","type":"at_biz_dir","link":"https:\/\/www.cullarvega.com\/guia-local\/directory\/isater-estetica-avanzada\/","title":{"rendered":"ISATER Est\u00e9tica Avanzada"},"content":{"rendered":"<p>CUIDADO Y SALUD DE LA PIEL TRATAMIENTOS:\u00a0 Acn\u00e9 &#8211; Pigmentaciones &#8211; Arrugas &#8211; Cicatrices &#8211; Ros\u00e1cea &#8211; Telangiestasias &#8211; Facidez &#8211; Estr\u00edas &#8211; Celulitis &#8211; Grasa Localizada &#8211; Doble Ment\u00f3n &#8211; Blefaroplastia sin cirug\u00eda &#8211; Fotodepilaci\u00f3n &#8211; Cera &#8211; Depilaci\u00f3n Hilo &#8211; Dise\u00f1o de Cejas &#8211; DHA &#8211; Multiplasma &#8211; Mesopeels &#8211; Mesoterapia MPen &#8211; Radiofrecuencia &#8211; Laser Lipol\u00edtico &#8211; Ultracavitacion &#8211; Aparatolog\u00eda de \u00faltima Generaci\u00f3n &#8211; Maquillaje &#8211; Manicura y Pedicura &#8211; U\u00f1as Esculpidas &#8211; Alta Cosm\u00e9tica &#8211; Natura Biss\u00e9 &#8211; Mesoestetic &#8211; Artdeco &#8211; Victoria Vinn &#8211; M\u00e1ster Class<\/p>\n","protected":false},"author":1,"comment_status":"closed","ping_status":"closed","template":"","atbdp_listing_types":[585],"at_biz_dir-category":[611,637],"at_biz_dir-location":[],"at_biz_dir-tags":[1076,723,1077,725,1078,726,1079,1066,1080,834,838,679,1081,841],"class_list":["post-2947","at_biz_dir","type-at_biz_dir","status-publish","has-post-thumbnail","hentry","atbdp_listing_types-business","at_biz_dir-category-estetica","at_biz_dir-category-peluqueria","at_biz_dir-tags-acne","at_biz_dir-tags-arrugas","at_biz_dir-tags-cejas","at_biz_dir-tags-celulitis","at_biz_dir-tags-cera","at_biz_dir-tags-estetica","at_biz_dir-tags-estrias","at_biz_dir-tags-fotodepilacion","at_biz_dir-tags-grasa-localizada","at_biz_dir-tags-laser","at_biz_dir-tags-maquillaje","at_biz_dir-tags-peluqueria","at_biz_dir-tags-pigmentaciones","at_biz_dir-tags-unas"],"_links":{"self":[{"href":"https:\/\/www.cullarvega.com\/guia-local\/wp-json\/wp\/v2\/at_biz_dir\/2947","targetHints":{"allow":["GET"]}}],"collection":[{"href":"https:\/\/www.cullarvega.com\/guia-local\/wp-json\/wp\/v2\/at_biz_dir"}],"about":[{"href":"https:\/\/www.cullarvega.com\/guia-local\/wp-json\/wp\/v2\/types\/at_biz_dir"}],"author":[{"embeddable":true,"href":"https:\/\/www.cullarvega.com\/guia-local\/wp-json\/wp\/v2\/users\/1"}],"replies":[{"embeddable":true,"href":"https:\/\/www.cullarvega.com\/guia-local\/wp-json\/wp\/v2\/comments?post=2947"}],"wp:featuredmedia":[{"embeddable":true,"href":"https:\/\/www.cullarvega.com\/guia-local\/wp-json\/wp\/v2\/media\/900"}],"wp:attachment":[{"href":"https:\/\/www.cullarvega.com\/guia-local\/wp-json\/wp\/v2\/media?parent=2947"}],"wp:term":[{"taxonomy":"atbdp_listing_types","embeddable":true,"href":"https:\/\/www.cullarvega.com\/guia-local\/wp-json\/wp\/v2\/atbdp_listing_types?post=2947"},{"taxonomy":"at_biz_dir-category","embeddable":true,"href":"https:\/\/www.cullarvega.com\/guia-local\/wp-json\/wp\/v2\/at_biz_dir-category?post=2947"},{"taxonomy":"at_biz_dir-location","embeddable":true,"href":"https:\/\/www.cullarvega.com\/guia-local\/wp-json\/wp\/v2\/at_biz_dir-location?post=2947"},{"taxonomy":"at_biz_dir-tags","embeddable":true,"href":"https:\/\/www.cullarvega.com\/guia-local\/wp-json\/wp\/v2\/at_biz_dir-tags?post=2947"}],"curies":[{"name":"wp","href":"https:\/\/api.w.org\/{rel}","templated":true}]}}

ISATER Estética Avanzada

<p>CUIDADO Y SALUD DE LA PIEL TRATAMIENTOS:  Acné &#8211; Pigmentaciones &#8211; Arrugas &#8211; Cicatrices &#8211; Rosácea &#8211; Telangiestasias &#8211; Facidez &#8211; Estrías &#8211; Celulitis &#8211; Grasa Localizada &#8211; Doble Mentón &#8211; Blefaroplastia sin cirugía &#8211; Fotodepilación &#8211; Cera &#8211; Depilación Hilo &#8211; Diseño de Cejas &#8211; DHA &#8211; Multiplasma &#8211; Mesopeels &#8211; Mesoterapia MPen &#8211; Radiofrecuencia &#8211; Laser Lipolítico &#8211; Ultracavitacion &#8211; Aparatología de última Generación &#8211; Maquillaje &#8211; Manicura y Pedicura &#8211; Uñas Esculpidas &#8211; Alta Cosmética &#8211; Natura Bissé &#8211; Mesoestetic &#8211; Artdeco &#8211; Victoria Vinn &#8211; Máster Class</p>
